ba - 33?
-1eed
In base 16, what is 4c8 + 10?
4d8
In base 3, what is 21211112012 - 11?
21211112001
In base 5, what is 430314 - 1?
430313
In base 12, what is 429 - 7539?
-7110
In base 2, what is -1011011000 + 1010?
-1011001110
In base 4, what is 322 - 101022?
-100100
In base 11, what is -6 + a152?
a147
In base 2, what is -10 + -10011000010010011?
-10011000010010101
In base 15, what is -3 + 75a92?
75a8e
In base 9, what is 1786614 - 4?
1786610
In base 14, what is -d0d87 + 4?
-d0d83
In base 14, what is -b - -317?
30a
In base 14, what is 3 + 3a03?
3a06
In base 7, what is 153442 + -2?
153440
In base 4, what is 2011323 - 22?
2011301
In base 6, what is 253025 - 1?
253024
In base 16, what is -1e1fa + -3?
-1e1fd
In base 6, what is 12514 + -215?
12255
In base 12, what is -9 + 81a75?
81a68
In base 3, what is -121002 - -110022?
-10210
In base 12, what is -1 + -43a8?
-43a9
In base 4, what is 320122023 - 3?
320122020
In base 7, what is 13 - -11110?
11123
In base 5, what is -130132 + -20?
-130202
In base 6, what is -33531421 - 0?
-33531421
In base 5, what is 102 - 1040210?
-1040103
In base 11, what is 6809 + 1?
680a
In base 9, what is -3 + -378033?
-378036
In base 9, what is -50767 + 2?
-50765
In base 13, what is 2a - 102b0?
-10283
In base 13, what is 4a907 - 13?
4a8c4
In base 10, what is -3 - -11290?
11287
In base 13, what is 3 + 12baba?
12bac0
In base 15, what is 0 + 7396?
7396
In base 3, what is 110202 + 11021002?
11201211
In base 9, what is 4 + 2535?
2540
In base 14, what is -406 + d?
-3d7
In base 10, what is 53324 - -5?
53329
In base 15, what is -13 - -267b?
2668
In base 10, what is 2905 - -4?
2909
In base 11, what is -232 + 156?
-87
In base 9, what is -13710 - 6?
-13716
In base 2, what is 1000 + -10010100001010?
-10010100000010
In base 10, what is -43749 - -6?
-43743
In base 14, what is -730 - c?
-73c
In base 7, what is -411443 - 3?
-411446
In base 6, what is -3 - 42422?
-42425
In base 10, what is -4572 + -5?
-4577
In base 15, what is -21 + -35ee?
-3620
In base 9, what is -2 - -265883?
265881
In base 6, what is 2015244 - 5?
2015235
In base 10, what is 72459 - -2?
72461
In base 14, what is -1 + -88907?
-88908
In base 3, what is -101221 + -2101?
-111022
In base 8, what is 114460 - -3?
114463
In base 11, what is a - 45826?
-45817
In base 14, what is -9986c - 3?
-99871
In base 11, what is -136 + -1250?
-1386
In base 11, what is 38237 - -5?
38241
In base 7, what is 505 + -1632?
-1124
In base 15, what is 209 - -1b0?
3b9
In base 2, what is 11101001111011111 + 11?
11101001111100010
In base 14, what is -425 - 1312?
-1737
In base 16, what is -4 - -22c5?
22c1
In base 3, what is 22 - -201220211?
201221010
In base 15, what is -c93 + 22?
-c71
In base 5, what is 31124 + 41?
31220
In base 7, what is 5 - -5024?
5032
In base 2, what is 0 - -101110000111111?
101110000111111
In base 14, what is -4c4 + -48?
-52c
In base 7, what is 0 + -45341?
-45341
In base 3, what is 10 + 20201201111?
20201201121
In base 14, what is -29 + 20c?
1c3
In base 2, what is 11111010 - -10111100?
110110110
In base 14, what is 11b + -250?
-133
In base 10, what is 755 - -90?
845
In base 5, what is -3143122 - 4?
-3143131
In base 4, what is 12121310032 + -1?
12121310031
In base 8, what is -7 + -16325?
-16334
In base 4, what is -33130313 - -121?
-33130132
In base 10, what is -36138 + 0?
-36138
In base 14, what is -22a9c + 11?
-22a8b
In base 10, what is -1337814 + -5?
-1337819
In base 16, what is -93c5 + 5?
-93c0
In base 5, what is 33 - 14013?
-13430
In base 4, what is -10321 - 32033?
-103020
In base 3, what is 10 - -120122222112?
120122222122
In base 7, what is -425 - 3613?
-4341
In base 12, what is -99 - -12b3?
1216
In base 11, what is -5 - -66a45?
66a40
In base 13, what is 3b5 + -36?
37c
In base 4, what is -23301312 + -10?
-23301322
In base 14, what is 6a4 - 2c?
676
In base 5, what is 11000244 + 2?
11000301
In base 9, what is 4 + 7133?
7137
In base 8, what is 15 + 465367?
465404
In base 9, what is 368 + -571?
-202
In base 6, what is 4111045 - -2?
4111051
In base 11, what is -2 + -27775?
-27777
In base 13, what is 31110 + 4?
31114
In base 12, what is 4b - -602?
651
In base 5, what is 3210443 - -300?
3211243
In base 11, what is -62 - 406?
-468
In base 7, what is 10525 + -3?
10522
In base 7, what is 3 + -12251?
-12245
In base 2, what is -100101000001 - -110?
-100100111011
In base 9, what is -37 + 4718?
4671
In base 14, what is -4 - -180b4?
180b0
In base 2, what is -10 - 100110100000111?
-100110100001001
In base 12, what is 70 - -3029?
3099
In base 9, what is -54605 - -3?
-54602
In base 13, what is -7a48 + -41?
-7a89
In base 16, what is -6 - -1aae?
1aa8
In base 15, what is 93e2 - 1?
93e1
In base 8, what is 3324 + 5?
3331
In base 12, what is -110 - 119?
-229
In base 7, what is -1411421 - -2?
-1411416
In base 9, what is 0 - -787?
787
In base 11, what is -16646 - -35?
-16611
In base 15, what is b - 3d65?
-3d59
In base 13, what is -952576 + -1?
-952577
In base 6, what is 2 + 1023503?
1023505
In base 16, what is 3 + -7025?
-7022
In base 5, what is 14340 - 203?
14132
In base 5, what is -3044 - -13123?
10024
In base 7, what is -56 + -62?
-151
In base 2, what is 10011101010100 + -101000?
10011100101100
In base 13, what is -6126 - -15?
-6111
In base 11, what is -5 - 74497?
-744a1
In base 13, what is 3237 + 0?
3237
In base 10, what is 8783 - 3?
8780
In base 13, what is 4 - -173c?
1743
In base 11, what is 4 - -80905?
80909
In base 11, what is -22 + 364a8?
36486
In base 14, what is 70a1 + -4?
709b
In base 5, what is -2134 - -21013?
13324
In base 8, what is -132 - -1602?
1450
In base 7, what is -16646 - 3?
-16652
In base 3, what is -2222111201121 + -2?
-2222111201200
In base 13, what is 27 + 2615?
263c
In base 10, what is 0 + 89847?
89847
In base 10, what is 38 - -467?
505
In base 15, what is -3 - -1d69?
1d66
In base 14, what is 575aa - 5?
575a5
In base 2, what is -100 + -100000101010010?
-100000101010110
In base 10, what is -619 - 6?
-625
In base 4, what is -30310211 - 1232?
-30312103
In base 9, what is -3446 + -116?
-3563
In base 12, what is -5 + -247675?
-24767a
In base 14, what is -161 - 1a2?
-323
In base 16, what is -b20 - 17?
-b37
In base 14, what is 6 + 3a0?
3a6
In base 8, what is 54 + -1654?
-1600
In base 14, what is 6077bb + 4?
6077c1
In base 16, what is -1 + -64c7?
-64c8
In base 15, what is -113 - -3428?
3315
In base 13, what is a + 2a38?
2a45
In base 8, what is -3 + -262023?
-262026
In base 2, what is -10000110110110110010 + 11?
-10000110110110101111
In base 2, what is -100 + 10011110111000?
10011110110100
In base 14, what is -59c - -1a?
-582
In base 6, what is -5224 - -3?
-5221
In base 5, what is 11 + 3311314?
3311330
In base 14, what is 22 - aa4?
-a82
In base 14, what is -46d2 - 49?
-473b
In base 6, what is 4403335 - -3?
4403342
In base 4, what is -311231013 - -12?
-311231001
In base 6, what is -14351 - -2232?
-12115
In base 7, what is -56330 + -40?
-56400
In base 10, what is 10369 + 26?
10395
In base 8, what is 1246 + -361?
665
In base 8, what is 0 + 12640?
12640
In base 9, what is -508 + 18?
-480
In base 16, what is 31d - ce6?
-9c9
In base 11, what is 2938 + -399?
254a
In base 13, what is 192 + -7a7?
-615
In base 5, what is 1 - -13114120?
13114121
In base 10, what is -367206 - 0?
-367206
In base 8, what is 3 - 3741064?
-3741061
In base 6, what is -12543 - -143?
-12400
In base 4, what is -2311322121 + -1?
-2311322122
In base 11, what is 5 - 3526a9?
-3526a4
In base 9, what is -13173 + -475?
-13658
In base 10, what is -6020 + 10?
-6010
In base 12, what is 8746 + -4?
8742
In base 13, what is 7c98 - 3?
7c95
In base 13, what is -4a3 - 231?
-704
In base 2, what is 10010 + 101101100110?
101101111000
In base 2, what is 1011 - 111111011110011?
-111111011101000
In base 9, what is -1 + -256121?
-256122
In base 13, what is -4 + -17888?
-1788c
In base 7, what is 5012 + -61?
4621
In base 5, what is -1131 + 32213?
31032
In base 15, what is -d93 - -9?
-d89
In base 10, what is -1 - -44893?
44892
In base 4, what is 2 - 1331022323?
-1331022321
In base 13, what is -31 - 5bcc?
-5c30
In base 15, what is 20c9 + -13?
20b6
In base 11, what is 1952 + 124?
1a76
In base 15, what is -4 - -dd6a?
dd66
In base 6, what is -2112 + -215?
-2331
In base 15, what is 185 + -267?
-d2
In base 8, what is 12 + -7575?
-7563
In base 5, what is 